{"id":1019,"date":"2025-01-09T16:33:52","date_gmt":"2025-01-09T09:33:52","guid":{"rendered":"https:\/\/shopcongnghehaiphong.com\/?post_type=product&#038;p=1019"},"modified":"2025-01-09T16:33:53","modified_gmt":"2025-01-09T09:33:53","slug":"fan-led-centaur-ct110-2-mau-den-trang","status":"publish","type":"product","link":"https:\/\/shopcongnghehaiphong.com\/?product=fan-led-centaur-ct110-2-mau-den-trang","title":{"rendered":"FAN LED CENTAUR CT110 2 M\u00c0U \u0110EN\/TR\u1eaeNG"},"content":{"rendered":"<h3>\u0110\u1eb7c \u0111i\u1ec3m n\u1ed5i b\u1eadt c\u1ee7a Qu\u1ea1t LED Centaur CT M1<\/h3>\n<p><strong>1. \u00c1nh s\u00e1ng LED ARGB \u0111a d\u1ea1ng:<\/strong><\/p>\n<ul>\n<li>Centaur CT M1 \u0111\u01b0\u1ee3c trang b\u1ecb \u00e1nh s\u00e1ng LED ARGB, cho ph\u00e9p b\u1ea1n t\u1ea1o ra c\u00e1c hi\u1ec7u \u1ee9ng \u00e1nh s\u00e1ng \u0111a d\u1ea1ng v\u00e0 phong ph\u00fa, t\u1ea1o \u0111i\u1ec3m nh\u1ea5n th\u1ea9m m\u1ef9 cho h\u1ec7 th\u1ed1ng m\u00e1y t\u00ednh c\u1ee7a b\u1ea1n.<\/li>\n<\/ul>\n<p><strong>2. T\u1ed1c \u0111\u1ed9 \u0111i\u1ec1u ch\u1ec9nh linh ho\u1ea1t:<\/strong><\/p>\n<ul>\n<li>V\u1edbi t\u1ed1c \u0111\u1ed9 qu\u1ea1t \u0111i\u1ec1u ch\u1ec9nh \u0111\u01b0\u1ee3c t\u1eeb 600 \u0111\u1ebfn 1200 v\u00f2ng\/ph\u00fat, b\u1ea1n c\u00f3 th\u1ec3 \u0111i\u1ec1u ch\u1ec9nh hi\u1ec7u su\u1ea5t l\u00e0m m\u00e1t c\u1ee7a h\u1ec7 th\u1ed1ng m\u00e1y t\u00ednh theo nhu c\u1ea7u c\u1ee5 th\u1ec3.<\/li>\n<\/ul>\n<p><strong>3. Hi\u1ec7u su\u1ea5t l\u00e0m m\u00e1t t\u1ed1t:<\/strong><\/p>\n<ul>\n<li>V\u1edbi lu\u1ed3ng kh\u00f4ng kh\u00ed l\u00ean \u0111\u1ebfn 33.5 CFM v\u00e0 \u00e1p su\u1ea5t t\u0129nh 1.61 mm-H\u2082O, qu\u1ea1t Centaur CT M1 \u0111\u1ea3m b\u1ea3o hi\u1ec7u su\u1ea5t l\u00e0m m\u00e1t t\u1ed1t cho c\u00e1c th\u00e0nh ph\u1ea7n nhi\u1ec7t \u0111\u1ed9ng trong h\u1ec7 th\u1ed1ng.<\/li>\n<\/ul>\n<p><strong>4. M\u1ee9c \u00e2m thanh th\u1ea5p:<\/strong><\/p>\n<ul>\n<li>V\u1edbi m\u1ee9c \u00e2m thanh ch\u1ec9 22.5 dBA, qu\u1ea1t ho\u1ea1t \u0111\u1ed9ng m\u1ed9t c\u00e1ch \u00eam d\u1ecbu v\u00e0 kh\u00f4ng g\u00e2y ti\u1ebfng \u1ed3n kh\u00f3 ch\u1ecbu.<\/li>\n<\/ul>\n<p><strong>5. Tu\u1ed5i th\u1ecd cao:<\/strong><\/p>\n<ul>\n<li>V\u1edbi tu\u1ed5i th\u1ecd l\u00ean \u0111\u1ebfn 40,000 gi\u1edd, b\u1ea1n c\u00f3 th\u1ec3 tin t\u01b0\u1edfng v\u00e0o s\u1ef1 b\u1ec1n b\u1ec9 v\u00e0 \u0111\u1ed9 tin c\u1eady c\u1ee7a s\u1ea3n ph\u1ea9m trong th\u1eddi gian d\u00e0i.<\/li>\n<\/ul>\n<h3>K\u1ebft lu\u1eadn<\/h3>\n<p>Qu\u1ea1t LED Centaur CT M1 l\u00e0 s\u1ef1 l\u1ef1a ch\u1ecdn l\u00fd t\u01b0\u1edfng cho vi\u1ec7c t\u0103ng c\u01b0\u1eddng hi\u1ec7u su\u1ea5t l\u00e0m m\u00e1t v\u00e0 trang tr\u00ed cho h\u1ec7 th\u1ed1ng m\u00e1y t\u00ednh c\u1ee7a b\u1ea1n. V\u1edbi hi\u1ec7u su\u1ea5t t\u1ed1t, m\u1ee9c \u00e2m thanh th\u1ea5p v\u00e0 \u00e1nh s\u00e1ng LED ARGB \u0111a d\u1ea1ng, s\u1ea3n ph\u1ea9m n\u00e0y s\u1ebd l\u00e0m h\u00e0i l\u00f2ng ng\u01b0\u1eddi d\u00f9ng \u0111\u1eb7c bi\u1ec7t l\u00e0 nh\u1eefng ai quan t\u00e2m \u0111\u1ebfn th\u1ea9m m\u1ef9 c\u1ee7a h\u1ec7 th\u1ed1ng c\u1ee7a m\u00ecnh.<\/p>\n","protected":false},"excerpt":{"rendered":"<div class=\"title-list-h\">Th\u00f4ng s\u1ed1 s\u1ea3n ph\u1ea9m<\/div>\n<ul>\n<li>Model: CT- M1<\/li>\n<li>D\u00f2ng \u0111\u1ecbnh m\u1ee9c-Qu\u1ea1t: 0,25 A+10%<\/li>\n<li>D\u00f2ng \u0111\u1ecbnh m\u1ee9c-LED ARGB: 0,62 A<\/li>\n<li>K\u00edch th\u01b0\u1edbc: 120 x 25mm<\/li>\n<li>T\u1ed0C \u0110\u1ed8 (\u1edf 12V): 600 \u2013 1200 v\u00f2ng\/ph\u00fat \u00b1 10%<\/li>\n<li>LU\u1ed2NG KH\u00d4NG KH\u00cd (\u1edf 12V): 33,5 CFM\u00b110%<\/li>\n<li>\u00c1P SU\u1ea4T T\u0128NH (\u1edf m\u1ee9c 12V): 1,61 mm-H\u20820\u00b110%<\/li>\n<li>M\u1ee8C \u00c2M THANH (\u1edf 12V): 22.5dBA<\/li>\n<li>C\u00c1P K\u1ebeT N\u1ed0I: 6 ch\u00e2n<\/li>\n<li>Tu\u1ed5i th\u1ecd: 40000 gi\u1edd<\/li>\n<\/ul>\n","protected":false},"featured_media":1021,"comment_status":"open","ping_status":"closed","template":"","meta":{"_acf_changed":false},"product_brand":[],"product_cat":[49],"product_tag":[],"class_list":{"0":"post-1019","1":"product","2":"type-product","3":"status-publish","4":"has-post-thumbnail","6":"product_cat-tan-nhiet-va-phu-kien","8":"first","9":"instock","10":"shipping-taxable","11":"purchasable","12":"product-type-simple"},"acf":[],"_links":{"self":[{"href":"https:\/\/shopcongnghehaiphong.com\/index.php?rest_route=\/wp\/v2\/product\/1019","targetHints":{"allow":["GET"]}}],"collection":[{"href":"https:\/\/shopcongnghehaiphong.com\/index.php?rest_route=\/wp\/v2\/product"}],"about":[{"href":"https:\/\/shopcongnghehaiphong.com\/index.php?rest_route=\/wp\/v2\/types\/product"}],"replies":[{"embeddable":true,"href":"https:\/\/shopcongnghehaiphong.com\/index.php?rest_route=%2Fwp%2Fv2%2Fcomments&post=1019"}],"wp:featuredmedia":[{"embeddable":true,"href":"https:\/\/shopcongnghehaiphong.com\/index.php?rest_route=\/wp\/v2\/media\/1021"}],"wp:attachment":[{"href":"https:\/\/shopcongnghehaiphong.com\/index.php?rest_route=%2Fwp%2Fv2%2Fmedia&parent=1019"}],"wp:term":[{"taxonomy":"product_brand","embeddable":true,"href":"https:\/\/shopcongnghehaiphong.com\/index.php?rest_route=%2Fwp%2Fv2%2Fproduct_brand&post=1019"},{"taxonomy":"product_cat","embeddable":true,"href":"https:\/\/shopcongnghehaiphong.com\/index.php?rest_route=%2Fwp%2Fv2%2Fproduct_cat&post=1019"},{"taxonomy":"product_tag","embeddable":true,"href":"https:\/\/shopcongnghehaiphong.com\/index.php?rest_route=%2Fwp%2Fv2%2Fproduct_tag&post=1019"}],"curies":[{"name":"wp","href":"https:\/\/api.w.org\/{rel}","templated":true}]}}