{"id":1029,"date":"2025-01-09T16:59:28","date_gmt":"2025-01-09T09:59:28","guid":{"rendered":"https:\/\/shopcongnghehaiphong.com\/?post_type=product&#038;p=1029"},"modified":"2025-01-09T16:59:28","modified_gmt":"2025-01-09T09:59:28","slug":"chuot-khong-day-dareu-lm106g-pink","status":"publish","type":"product","link":"https:\/\/shopcongnghehaiphong.com\/?product=chuot-khong-day-dareu-lm106g-pink","title":{"rendered":"CHU\u1ed8T KH\u00d4NG D\u00c2Y DAREU LM106G PINK"},"content":{"rendered":"<div class=\"col-md-12 col-lg-12 col-xl-8 content-single-product\">\n<div class=\"content-product\">\n<div class=\"content-in\">\n<h2><strong>Thi\u1ebft k\u1ebf nh\u1ecf g\u1ecdn \u2013 T\u1ed1c \u0111\u1ed9 nhanh nh\u1ea1y \u2013 \u0110\u00e8n LED RGB n\u1ed5i b\u1eadt\u00a0<\/strong><\/h2>\n<p class=\"detail-product-name\"><strong>Chu\u1ed9t<\/strong>\u00a0kh\u00f4ng d\u00e2y DAREU LM106G Pink\u00a0 l\u00e0 m\u1eabu\u00a0chu\u1ed9t\u00a0gaming\u00a0gi\u00e1 r\u1ebb \u0111\u01b0\u1ee3c t\u00edch h\u1ee3p \u0111\u00e8n\u00a0LED\u00a0RGB r\u1ef1c r\u1ee1. S\u1ea3n ph\u1ea9m c\u00f3 k\u00edch th\u01b0\u1edbc nh\u1ecf g\u1ecdn, \u0111\u1eb9p m\u1eaft c\u00f9ng nhi\u1ec1u t\u00ednh n\u0103ng th\u00fa v\u1ecb t\u00edch h\u1ee3p. \u0110i\u1ec3m m\u1ea1nh c\u1ee7a\u00a0DAREU LM106G Pink l\u00e0 ch\u1ea5t l\u01b0\u1ee3ng cao v\u00e0 \u0111\u1ed9 b\u1ec1n tuy\u1ec7t \u0111\u1ed1i.<\/p>\n<p>&nbsp;<\/p>\n<p><img loading=\"lazy\" decoding=\"async\" class=\"aligncenter\" src=\"https:\/\/mega.com.vn\/media\/product\/16065_chuot_day_dareu_lm106g_pink.png\" alt=\"\" width=\"404\" height=\"682\" \/><\/p>\n<p>&nbsp;<\/p>\n<h2><strong>\u0110\u1eb7c \u0111i\u1ec3m c\u1ee7a s\u1ea3n ph\u1ea9m Chu\u1ed9t kh\u00f4ng d\u00e2y\u00a0DAREU LM106G\u00a0<\/strong><\/h2>\n<h3><strong>Ki\u1ec3u d\u00e1ng g\u1ecdn nh\u1eb9\u00a0<\/strong><\/h3>\n<p><strong>Chu\u1ed9t kh\u00f4ng d\u00e2y<\/strong>\u00a0DAREU LM106G Pink\u00a0 \u0111\u01b0\u1ee3c thi\u1ebft k\u1ebf theo ki\u1ec3u d\u00e1ng \u201d c\u00f4ng ngh\u1ec7 th\u00e1i h\u1ecdc\u201d g\u1ecdn g\u00e0ng, \u00f4m tay. Hai b\u00ean h\u00f4ng \u0111\u01b0\u1ee3c l\u00e0m v\u00e2n ch\u1ed1ng tr\u01b0\u1ee3t gi\u00fap c\u1ea7m chu\u1ed9t v\u1eefng v\u00e0ng, tho\u1ea3i m\u00e1i khi s\u1eed d\u1ee5ng.<\/p>\n<h3><\/h3>\n<p><img loading=\"lazy\" decoding=\"async\" class=\"aligncenter\" src=\"https:\/\/mega.com.vn\/media\/product\/16065_chuot_day_dareu_lm106g_pink_1.png\" alt=\"\" width=\"333\" height=\"333\" \/><\/p>\n<h3>H\u1ec7 th\u1ed1ng \u0111\u00e8n LED r\u1ef1c r\u1ee1<\/h3>\n<p><strong>Chu\u1ed9t DAREU<\/strong>\u00a0LM106G \u0111\u01b0\u1ee3c trang b\u1ecb \u0111\u00e8n\u00a0LED\u00a0r\u1ef1c r\u1ee1 \u1edf v\u1ecb tr\u00ed con l\u0103n, logo v\u00e0 vi\u1ec1n xung quanh. B\u1ed9 \u0111\u00e8n n\u00e0y c\u00f3 16.8 tri\u1ec7u m\u00e0u t\u00f9y ch\u1ec9nh v\u00e0 thay \u0111\u1ed5i m\u00e0u \u0111\u1ed3ng b\u1ed9 v\u1edbi nhau K\u00edch th\u01b0\u1edbc nh\u1ecf g\u1ecdn v\u00e0 tr\u1ecdng l\u01b0\u1ee3ng nh\u1eb9 gi\u00fap ng\u01b0\u1eddi d\u00f9ng thao t\u00e1c\u00a0chu\u1ed9t\u00a0nh\u1eb9 nh\u00e0ng kh\u00f4ng b\u1ecb m\u1ecfi. N\u00fat b\u1ea5m\u00a0chu\u1ed9t\u00a0\u0111\u01b0\u1ee3c thi\u1ebft k\u1ebf li\u1ec1n kh\u1ed1i gi\u00fap ng\u01b0\u1eddi d\u00f9ng d\u1ec5 d\u00e0ng s\u1eed d\u1ee5ng v\u1edbi m\u1ecdi ki\u1ec3u thao t\u00e1c c\u1ea7m.<\/p>\n<p>B\u1ed9 \u0111\u00e8n led c\u00f3 16.8 tri\u1ec7u m\u00e0u t\u00f9y ch\u1ec9nh v\u00e0 thay \u0111\u1ed5i m\u00e0u \u0111\u1ed3ng b\u1ed9 v\u1edbi nhau K\u00edch th\u01b0\u1edbc nh\u1ecf g\u1ecdn v\u00e0 tr\u1ecdng l\u01b0\u1ee3ng nh\u1eb9 gi\u00fap ng\u01b0\u1eddi d\u00f9ng thao t\u00e1c\u00a0chu\u1ed9t\u00a0nh\u1eb9 nh\u00e0ng kh\u00f4ng b\u1ecb m\u1ecfi.<\/p>\n<p>N\u00fat b\u1ea5m\u00a0chu\u1ed9t\u00a0\u0111\u01b0\u1ee3c thi\u1ebft k\u1ebf li\u1ec1n kh\u1ed1i gi\u00fap ng\u01b0\u1eddi d\u00f9ng d\u1ec5 d\u00e0ng s\u1eed d\u1ee5ng v\u1edbi m\u1ecdi ki\u1ec3u thao t\u00e1c c\u1ea7m.<\/p>\n<\/div>\n<\/div>\n<\/div>\n<div class=\"d-none d-sm-block col-md-12 col-lg-12 col-xl-4 content-single-product\">\n<div class=\"content-product\"><\/div>\n<\/div>\n","protected":false},"excerpt":{"rendered":"<div class=\"title-list-h\">Th\u00f4ng s\u1ed1 s\u1ea3n ph\u1ea9m<\/div>\n<ul class=\"ul\">\n<li>Ki\u00ea\u0309u k\u00ea\u0301t n\u00f4\u0301i: Kh\u00f4ng d\u00e2y<\/li>\n<li><i class=\"before\"><\/i>Chu\u00e2\u0309n giao ti\u00ea\u0301p:USB\/Wireless<\/li>\n<li><i class=\"before\"><\/i>\u0110\u1ed9 Ph\u00e2n Gi\u1ea3i:1200 DPI<\/li>\n<li><i class=\"before\"><\/i>\u00a0K\u00edch th\u01b0\u1edbc:99*59*38mm<\/li>\n<\/ul>\n","protected":false},"featured_media":1030,"comment_status":"open","ping_status":"closed","template":"","meta":{"_acf_changed":false},"product_brand":[],"product_cat":[42],"product_tag":[],"class_list":{"0":"post-1029","1":"product","2":"type-product","3":"status-publish","4":"has-post-thumbnail","6":"product_cat-gaming-gear","8":"first","9":"instock","10":"shipping-taxable","11":"purchasable","12":"product-type-simple"},"acf":[],"_links":{"self":[{"href":"https:\/\/shopcongnghehaiphong.com\/index.php?rest_route=\/wp\/v2\/product\/1029","targetHints":{"allow":["GET"]}}],"collection":[{"href":"https:\/\/shopcongnghehaiphong.com\/index.php?rest_route=\/wp\/v2\/product"}],"about":[{"href":"https:\/\/shopcongnghehaiphong.com\/index.php?rest_route=\/wp\/v2\/types\/product"}],"replies":[{"embeddable":true,"href":"https:\/\/shopcongnghehaiphong.com\/index.php?rest_route=%2Fwp%2Fv2%2Fcomments&post=1029"}],"wp:featuredmedia":[{"embeddable":true,"href":"https:\/\/shopcongnghehaiphong.com\/index.php?rest_route=\/wp\/v2\/media\/1030"}],"wp:attachment":[{"href":"https:\/\/shopcongnghehaiphong.com\/index.php?rest_route=%2Fwp%2Fv2%2Fmedia&parent=1029"}],"wp:term":[{"taxonomy":"product_brand","embeddable":true,"href":"https:\/\/shopcongnghehaiphong.com\/index.php?rest_route=%2Fwp%2Fv2%2Fproduct_brand&post=1029"},{"taxonomy":"product_cat","embeddable":true,"href":"https:\/\/shopcongnghehaiphong.com\/index.php?rest_route=%2Fwp%2Fv2%2Fproduct_cat&post=1029"},{"taxonomy":"product_tag","embeddable":true,"href":"https:\/\/shopcongnghehaiphong.com\/index.php?rest_route=%2Fwp%2Fv2%2Fproduct_tag&post=1029"}],"curies":[{"name":"wp","href":"https:\/\/api.w.org\/{rel}","templated":true}]}}