{"id":1047,"date":"2025-01-09T17:22:18","date_gmt":"2025-01-09T10:22:18","guid":{"rendered":"https:\/\/shopcongnghehaiphong.com\/?post_type=product&#038;p=1047"},"modified":"2025-01-09T17:22:18","modified_gmt":"2025-01-09T10:22:18","slug":"gia-treo-tai-nghe-may-tinh-t11","status":"publish","type":"product","link":"https:\/\/shopcongnghehaiphong.com\/?product=gia-treo-tai-nghe-may-tinh-t11","title":{"rendered":"GI\u00c1 TREO TAI NGHE M\u00c1Y T\u00cdNH T11"},"content":{"rendered":"","protected":false},"excerpt":{"rendered":"<ul>\n<li>Nhi\u1ec1u ch\u1ebf \u0111\u1ed9 nh\u00e1y \u0111\u00e8n: 08 ch\u1ebf \u0111\u1ed9 hi\u1ec3n th\u1ecb v\u00e0 h\u01a1n 60 s\u1ef1 k\u1ebft h\u1ee3p m\u00e0u s\u1eafc<\/li>\n<li>\u0110\u00f3n micro &amp; l\u1ecdc ti\u1ebfng \u1ed3n<\/li>\n<li>Ph\u00f9 h\u1ee3p treo h\u1ea7u h\u1ebft c\u00e1c lo\u1ea1i tai nghe tr\u00ean th\u1ecb tr\u01b0\u1eddng<\/li>\n<li>Ngu\u1ed3n C\u1eafm d\u00e2y s\u1ea1c micro usb tr\u1ef1c ti\u1ebfp \u2013 Micro-USB ph\u00f9 h\u1ee3p \u0111i\u1ec7n \u00e1p DC 5V (\u22651A)<\/li>\n<li>K\u00edch th\u01b0\u1edbc: 110 x 30 x 212mm<\/li>\n<li>Tr\u1ecdng l\u01b0\u1ee3ng: 100g<\/li>\n<\/ul>\n","protected":false},"featured_media":1048,"comment_status":"open","ping_status":"closed","template":"","meta":{"_acf_changed":false},"product_brand":[],"product_cat":[42],"product_tag":[],"class_list":{"0":"post-1047","1":"product","2":"type-product","3":"status-publish","4":"has-post-thumbnail","6":"product_cat-gaming-gear","8":"first","9":"instock","10":"shipping-taxable","11":"purchasable","12":"product-type-simple"},"acf":[],"_links":{"self":[{"href":"https:\/\/shopcongnghehaiphong.com\/index.php?rest_route=\/wp\/v2\/product\/1047","targetHints":{"allow":["GET"]}}],"collection":[{"href":"https:\/\/shopcongnghehaiphong.com\/index.php?rest_route=\/wp\/v2\/product"}],"about":[{"href":"https:\/\/shopcongnghehaiphong.com\/index.php?rest_route=\/wp\/v2\/types\/product"}],"replies":[{"embeddable":true,"href":"https:\/\/shopcongnghehaiphong.com\/index.php?rest_route=%2Fwp%2Fv2%2Fcomments&post=1047"}],"wp:featuredmedia":[{"embeddable":true,"href":"https:\/\/shopcongnghehaiphong.com\/index.php?rest_route=\/wp\/v2\/media\/1048"}],"wp:attachment":[{"href":"https:\/\/shopcongnghehaiphong.com\/index.php?rest_route=%2Fwp%2Fv2%2Fmedia&parent=1047"}],"wp:term":[{"taxonomy":"product_brand","embeddable":true,"href":"https:\/\/shopcongnghehaiphong.com\/index.php?rest_route=%2Fwp%2Fv2%2Fproduct_brand&post=1047"},{"taxonomy":"product_cat","embeddable":true,"href":"https:\/\/shopcongnghehaiphong.com\/index.php?rest_route=%2Fwp%2Fv2%2Fproduct_cat&post=1047"},{"taxonomy":"product_tag","embeddable":true,"href":"https:\/\/shopcongnghehaiphong.com\/index.php?rest_route=%2Fwp%2Fv2%2Fproduct_tag&post=1047"}],"curies":[{"name":"wp","href":"https:\/\/api.w.org\/{rel}","templated":true}]}}