{"id":1126,"date":"2025-01-10T10:42:39","date_gmt":"2025-01-10T03:42:39","guid":{"rendered":"https:\/\/shopcongnghehaiphong.com\/?post_type=product&#038;p=1126"},"modified":"2025-01-10T10:42:39","modified_gmt":"2025-01-10T03:42:39","slug":"nguon-may-tinh-sama-btx-550-550w-80-plus-bronze","status":"publish","type":"product","link":"https:\/\/shopcongnghehaiphong.com\/?product=nguon-may-tinh-sama-btx-550-550w-80-plus-bronze","title":{"rendered":"NGU\u1ed2N M\u00c1Y T\u00cdNH SAMA BTX-550 550W-80 PLUS BRONZE"},"content":{"rendered":"<p>Ngu\u1ed3n m\u00e1y t\u00ednh SAMA BTX-550 550W-80 PLUS BRONZE l\u00e0 m\u1ed9t l\u1ef1a ch\u1ecdn t\u1ed1t cho nh\u1eefng ng\u01b0\u1eddi d\u00f9ng c\u1ea7n m\u1ed9t ngu\u1ed3n m\u00e1y t\u00ednh c\u00f3 hi\u1ec7u su\u1ea5t cao, ti\u1ebft ki\u1ec7m \u0111i\u1ec7n n\u0103ng, gi\u00e1 th\u00e0nh h\u1ee3p l\u00fd v\u00e0 \u0111\u1ed9 tin c\u1eady cao. S\u1ea3n ph\u1ea9m ph\u00f9 h\u1ee3p cho c\u00e1c h\u1ec7 th\u1ed1ng m\u00e1y t\u00ednh t\u1ea7m trung, \u0111\u00e1p \u1ee9ng nhu c\u1ea7u s\u1eed d\u1ee5ng th\u00f4ng th\u01b0\u1eddng v\u00e0 c\u00f3 th\u1ec3 n\u00e2ng c\u1ea5p trong t\u01b0\u01a1ng lai.<\/p>\n<p>Hi\u1ec7u su\u1ea5t cao, ti\u1ebft ki\u1ec7m \u0111i\u1ec7n n\u0103ng<br \/>\nThi\u1ebft k\u1ebf nh\u1ecf g\u1ecdn, d\u1ec5 d\u00e0ng l\u1eafp \u0111\u1eb7t<br \/>\nGi\u00e1 th\u00e0nh h\u1ee3p l\u00fd<br \/>\n\u0110\u1ed9 tin c\u1eady cao<br \/>\nT\u01b0\u01a1ng th\u00edch t\u1ed1t<\/p>\n","protected":false},"excerpt":{"rendered":"<ul>\n<li><span class=\"d-block\">C\u00f4ng su\u1ea5t: 550W c\u00f4ng su\u1ea5t th\u1ef1c<\/span><span class=\"d-block\"><i class=\"fa fa-check-circle green\"><\/i>\u00a0<\/span><\/li>\n<li><span class=\"d-block\">\u0110i\u1ec7n \u00e1p v\u00e0o\/ ra: 220v | +3.3V 16A | +12V 45A | -12V 0.3A | +5V 15A | +5VSB 2.5A<\/span><span class=\"d-block\"><i class=\"fa fa-check-circle green\"><\/i>\u00a0<\/span><\/li>\n<li><span class=\"d-block\">H\u1ec7 th\u1ed1ng c\u00e1p: &#8220;20+4 pin &#8211; 600 mm (c\u00e1p ngu\u1ed3n cho Mainboard) x1; 4 + 4 pin &#8211; 700 mm (c\u00e1p ngu\u1ed3n ph\u1ee5 cho Mainboard) x1; 6 + 2 pin x2 &#8211; 730 mm (c\u00e1p ngu\u1ed3n ph\u1ee5 cho VGA) x1; SATA+SATA +ATA &#8211; 830 mm (c\u00e1p c\u1ea5p ngu\u1ed3n cho 2x SATA, 1x ATA) x2&#8221;<\/span><span class=\"d-block\"><i class=\"fa fa-check-circle green\"><\/i>\u00a0<\/span><\/li>\n<li><span class=\"d-block\">Ch\u1ebf \u0111\u1ed9 b\u1ea3o v\u1ec7: Qu\u00e1 c\u00f4ng su\u1ea5t, qu\u00e1 d\u00f2ng, ng\u1eafn m\u1ea1ch Qu\u1ea1t: 120mm<\/span><\/li>\n<\/ul>\n","protected":false},"featured_media":1129,"comment_status":"open","ping_status":"closed","template":"","meta":{"_acf_changed":false},"product_brand":[],"product_cat":[47],"product_tag":[],"class_list":{"0":"post-1126","1":"product","2":"type-product","3":"status-publish","4":"has-post-thumbnail","6":"product_cat-psu-nguon-may-tinh","8":"first","9":"instock","10":"shipping-taxable","11":"purchasable","12":"product-type-simple"},"acf":[],"_links":{"self":[{"href":"https:\/\/shopcongnghehaiphong.com\/index.php?rest_route=\/wp\/v2\/product\/1126","targetHints":{"allow":["GET"]}}],"collection":[{"href":"https:\/\/shopcongnghehaiphong.com\/index.php?rest_route=\/wp\/v2\/product"}],"about":[{"href":"https:\/\/shopcongnghehaiphong.com\/index.php?rest_route=\/wp\/v2\/types\/product"}],"replies":[{"embeddable":true,"href":"https:\/\/shopcongnghehaiphong.com\/index.php?rest_route=%2Fwp%2Fv2%2Fcomments&post=1126"}],"wp:featuredmedia":[{"embeddable":true,"href":"https:\/\/shopcongnghehaiphong.com\/index.php?rest_route=\/wp\/v2\/media\/1129"}],"wp:attachment":[{"href":"https:\/\/shopcongnghehaiphong.com\/index.php?rest_route=%2Fwp%2Fv2%2Fmedia&parent=1126"}],"wp:term":[{"taxonomy":"product_brand","embeddable":true,"href":"https:\/\/shopcongnghehaiphong.com\/index.php?rest_route=%2Fwp%2Fv2%2Fproduct_brand&post=1126"},{"taxonomy":"product_cat","embeddable":true,"href":"https:\/\/shopcongnghehaiphong.com\/index.php?rest_route=%2Fwp%2Fv2%2Fproduct_cat&post=1126"},{"taxonomy":"product_tag","embeddable":true,"href":"https:\/\/shopcongnghehaiphong.com\/index.php?rest_route=%2Fwp%2Fv2%2Fproduct_tag&post=1126"}],"curies":[{"name":"wp","href":"https:\/\/api.w.org\/{rel}","templated":true}]}}