{"id":1245,"date":"2025-01-10T15:00:34","date_gmt":"2025-01-10T08:00:34","guid":{"rendered":"https:\/\/shopcongnghehaiphong.com\/?post_type=product&#038;p=1245"},"modified":"2025-01-10T15:02:31","modified_gmt":"2025-01-10T08:02:31","slug":"vga-biostar-geforcertx-3060-12gb-gddr6-extreme-gaming","status":"publish","type":"product","link":"https:\/\/shopcongnghehaiphong.com\/?product=vga-biostar-geforcertx-3060-12gb-gddr6-extreme-gaming","title":{"rendered":"VGA BIOSTAR GEFORCERTX 3060 12GB GDDR6 Extreme Gaming"},"content":{"rendered":"<div id=\"description\" class=\"overflow-hidden position-relative entry-content\" data-max_height=\"400\">\n<p>Card m\u00e0n h\u00ecnh Biostar GeForce RTX 3060 12GB GDDR6 Extreme Gaming s\u1edf h\u1eefu thi\u1ebft k\u1ebf hi\u1ec7n \u0111\u1ea1i \u0111\u1eadm ch\u1ea5t gaming, hi\u1ec7u n\u0103ng ho\u1ea1t \u0111\u1ed9ng m\u1ea1nh m\u1ebd v\u1edbi \u0111\u1ed3 h\u1ecda GeForce RTX 3060, b\u1ed9 nh\u1edb 12GB. Chi\u1ebfc VGA n\u00e0y ho\u00e0n to\u00e0n s\u1ebd c\u00f3 th\u1ec3 t\u1ed1i \u01b0u hi\u1ec7u n\u0103ng trong qu\u00e1 tr\u00ecnh ch\u01a1i game hay thao t\u00e1c c\u00e1c t\u00e1c v\u1ee5 kh\u00e1c c\u1ee7a ng\u01b0\u1eddi d\u00f9ng.<\/p>\n<p>Card m\u00e0n h\u00ecnh n\u00e0y \u0111\u01b0\u1ee3c thi\u1ebft k\u1ebf kh\u00e1 nh\u1ecf g\u1ecdn, gi\u00fap l\u1eafp \u0111\u1eb7t m\u1ed9t c\u00e1ch d\u1ec5 d\u00e0ng. H\u01a1n n\u1eefa, gam m\u00e0u \u0111en c\u00f9ng c\u00e1c c\u00e1c \u0111\u01b0\u1eddng s\u1ecdc tinh t\u1ebf tr\u00ean b\u1ec1 m\u1eb7t xung quanh qu\u1ea1t t\u1ea3n nhi\u1ec7t c\u00f2n g\u00f3p ph\u1ea7n t\u1ea1o n\u00ean s\u1ef1 \u0111\u1ed9c \u0111\u00e1o, n\u00e9t c\u00e1 t\u00ednh r\u1ea5t ri\u00eang cho s\u1ea3n ph\u1ea9m.<\/p>\n<p><img decoding=\"async\" class=\"aligncenter\" src=\"https:\/\/hoanglongcomputer.vn\/media\/lib\/03-10-2024\/https___staticarvutitark_2.jpg\" alt=\"\" \/><\/p>\n<p>To\u00e0n b\u1ed9 chi\u1ebfc VGA n\u00e0y \u0111\u1ec1u \u0111\u01b0\u1ee3c c\u1ea5u t\u1ea1o t\u1eeb nh\u1eefng nguy\u00ean li\u1ec7u c\u00f3 ch\u1ea5t l\u01b0\u1ee3ng cao c\u1ea5p, nh\u1eefng linh ki\u1ec7n n\u00e0y \u0111\u1ec1u \u0111\u01b0\u1ee3c tr\u1ea3i qua qu\u00e1 tr\u00ecnh ch\u1ecdn l\u1ecdc k\u1ef9 c\u00e0ng v\u00e0 c\u1ea9n th\u1eadn c\u1ee7a h\u00e3ng. Nh\u1eb1m mang \u0111\u1ebfn s\u1ef1 b\u1ec1n b\u1ec9, ch\u1eafc ch\u1eafn c\u00f9ng th\u1eddi gian s\u1ea3n d\u1ee5ng l\u00e2u d\u00e0i cho ng\u01b0\u1eddi d\u00f9ng.<\/p>\n<p><img decoding=\"async\" class=\"aligncenter\" src=\"https:\/\/hoanglongcomputer.vn\/media\/lib\/03-10-2024\/https___staticarvutitark2.jpg\" alt=\"\" \/><\/p>\n<p>B\u1ed9 nh\u1edb 12GB GDDR6 h\u1ed7 tr\u1ee3 t\u1ed1i \u0111a cho ph\u00e9p ng\u01b0\u1eddi d\u00f9ng c\u00f3 th\u1ec3 ch\u01a1i c\u00e1c t\u1ef1a game AAA m\u1ed9t c\u00e1ch kh\u00e1 \u1ed5n \u0111\u1ecbnh. Ch\u1ea5t l\u01b0\u1ee3ng c\u00e1c h\u00ecnh \u1ea3nh x\u1eed l\u00fd s\u1ebd tr\u1edf n\u00ean m\u01b0\u1ee3t m\u00e0 \u1ea5n t\u01b0\u1ee3ng h\u01a1n bao gi\u1edd h\u1ebft v\u1edbi VGA n\u00e0y.<\/p>\n<\/div>\n","protected":false},"excerpt":{"rendered":"<ul>\n<li><span class=\"d-block\">NVIDIA GeForce RTX3060 GPU<\/span><span class=\"d-block\"><i class=\"fa fa-check-circle green\"><\/i>\u00a0<\/span><\/li>\n<li><span class=\"d-block\">12GB GDDR6, 192bit, super speed memory interface<\/span><span class=\"d-block\"><i class=\"fa fa-check-circle green\"><\/i>\u00a0<\/span><\/li>\n<li><span class=\"d-block\">NVIDIA super 3584CUDA processing<\/span><span class=\"d-block\"><i class=\"fa fa-check-circle green\"><\/i>\u00a0<\/span><\/li>\n<li><span class=\"d-block\">3DP\/HDMI output support<\/span><span class=\"d-block\"><i class=\"fa fa-check-circle green\"><\/i>\u00a0<\/span><\/li>\n<li><span class=\"d-block\">DisplayPort 1.4a support<\/span><span class=\"d-block\"><i class=\"fa fa-check-circle green\"><\/i>\u00a0<\/span><\/li>\n<li><span class=\"d-block\">PCI Express 4.0 x16 bus interface<\/span><i class=\"fa fa-check-circle green\"><\/i><\/li>\n<li><span class=\"d-block\">Support NVIDIA Ansel Technology<\/span><span class=\"d-block\"><i class=\"fa fa-check-circle green\"><\/i>\u00a0<\/span><\/li>\n<li><span class=\"d-block\">Complete DirectX 12 API, Vulkan API, OpenGL 4.6 support<\/span><\/li>\n<\/ul>\n","protected":false},"featured_media":1249,"comment_status":"open","ping_status":"closed","template":"","meta":{"_acf_changed":false},"product_brand":[],"product_cat":[50],"product_tag":[],"class_list":{"0":"post-1245","1":"product","2":"type-product","3":"status-publish","4":"has-post-thumbnail","6":"product_cat-vga-card-man-hinh","8":"first","9":"instock","10":"shipping-taxable","11":"purchasable","12":"product-type-simple"},"acf":[],"_links":{"self":[{"href":"https:\/\/shopcongnghehaiphong.com\/index.php?rest_route=\/wp\/v2\/product\/1245","targetHints":{"allow":["GET"]}}],"collection":[{"href":"https:\/\/shopcongnghehaiphong.com\/index.php?rest_route=\/wp\/v2\/product"}],"about":[{"href":"https:\/\/shopcongnghehaiphong.com\/index.php?rest_route=\/wp\/v2\/types\/product"}],"replies":[{"embeddable":true,"href":"https:\/\/shopcongnghehaiphong.com\/index.php?rest_route=%2Fwp%2Fv2%2Fcomments&post=1245"}],"wp:featuredmedia":[{"embeddable":true,"href":"https:\/\/shopcongnghehaiphong.com\/index.php?rest_route=\/wp\/v2\/media\/1249"}],"wp:attachment":[{"href":"https:\/\/shopcongnghehaiphong.com\/index.php?rest_route=%2Fwp%2Fv2%2Fmedia&parent=1245"}],"wp:term":[{"taxonomy":"product_brand","embeddable":true,"href":"https:\/\/shopcongnghehaiphong.com\/index.php?rest_route=%2Fwp%2Fv2%2Fproduct_brand&post=1245"},{"taxonomy":"product_cat","embeddable":true,"href":"https:\/\/shopcongnghehaiphong.com\/index.php?rest_route=%2Fwp%2Fv2%2Fproduct_cat&post=1245"},{"taxonomy":"product_tag","embeddable":true,"href":"https:\/\/shopcongnghehaiphong.com\/index.php?rest_route=%2Fwp%2Fv2%2Fproduct_tag&post=1245"}],"curies":[{"name":"wp","href":"https:\/\/api.w.org\/{rel}","templated":true}]}}