{"id":329,"date":"2024-12-02T00:35:32","date_gmt":"2024-12-02T00:35:32","guid":{"rendered":"https:\/\/fubeshi.com\/maytinh\/?post_type=product&#038;p=329"},"modified":"2024-12-30T10:15:11","modified_gmt":"2024-12-30T03:15:11","slug":"cpu-intel-pentium-g3240-cu","status":"publish","type":"product","link":"https:\/\/shopcongnghehaiphong.com\/?product=cpu-intel-pentium-g3240-cu","title":{"rendered":"CPU INTEL PENTIUM G3240 C\u0168"},"content":{"rendered":"<h2><strong>Gi\u1edbi thi\u1ec7u\u00a0B\u1ed9 vi x\u1eed l\u00fd CPU intel pentium G3240<\/strong><\/h2>\n<p><strong>B\u1ed9 vi x\u1eed l\u00fd CPU intel pentium G3240<\/strong>\u00a0\u0111\u01b0\u1ee3c t\u1ea1o n\u00ean d\u1ef1a tr\u00ean ki\u1ebfn tr\u00fac Haswell 22nm g\u1ed3m\u00a0c\u00f3 2 nh\u00e2n, 2 lu\u1ed3ng x\u1eed l\u00fd, t\u1ed1c \u0111\u1ed9 xung nh\u1ecbp 3,1 GHz v\u00e0 b\u1ed9 nh\u1edb \u0111\u1ec7m 3MB L3, s\u1ea3n xu\u1ea5t tr\u00ean quy tr\u00ecnh 22nm. Model Pentium m\u1edbi nh\u1ea5t h\u1ed7 tr\u1ee3 t\u1ed1i \u0111a 32GB b\u1ed9 nh\u1edb RAM (DDR3-1333), GPU Intel HD Graphics, PCI Express 3.0, Socket LGA 1150. \u0110\u00e2y c\u0169ng l\u00e0 CPU \u0111\u01b0\u1ee3c Intel t\u1ea1o ra cho d\u00f2ng m\u00e1y \u0111\u1ec3 b\u00e0n n\u1eb1m \u1edf ph\u00e2n kh\u00fac b\u00ecnh d\u00e2n.<\/p>\n<p>M\u1eb7c d\u00f9 kh\u00f4ng c\u00f3 kh\u1ea3 n\u0103ng Turbo Boost, vPro v\u00e0 Hyper Threading nh\u01b0ng b\u00f9 l\u1ea1i\u00a0<strong>B\u1ed9 vi x\u1eed l\u00fd CPU intel pentium G3240<\/strong>\u00a0kh\u00e1 ph\u00f9 h\u1ee3p v\u1edbi\u00a0<em class=\"Highlight\">c\u00f4<\/em>ng ngh\u1ec7 \u1ea3o h\u00f3a, 64-bit, Intel QuickSync Video v\u00e0 \u0111\u01b0\u1ee3c Intel\u00a0m\u1edf kh\u00f3a h\u1ec7 s\u1ed1 nh\u00e2n, \u0111i\u1ec1u n\u00e0y cho ph\u00e9p chip m\u1ea1nh h\u01a1n trong kho\u1ea3n \u00e9p xung\u00a0\u0111\u1ec3 c\u00f3 th\u1ec3 so g\u0103ng c\u00f9ng v\u1edbi c\u00e1c \u0111\u00e0n anh \u1edf ph\u00e2n kh\u00fac t\u1ea7m trung<\/p>\n<h3><strong>Th\u00f4ng s\u1ed1 k\u1ef9 thu\u1eadt<\/strong><\/h3>\n<h4><strong>Thi\u1ebft y\u1ebfu<\/strong><\/h4>\n<p><span class=\"label\">B\u1ed9 s\u01b0u t\u1eadp s\u1ea3n ph\u1ea9m:\u00a0<\/span><span class=\"value\" data-key=\"ProductGroup\">B\u1ed9 x\u1eed l\u00fd chu\u1ed7i Intel\u00ae Pentium\u00ae G<\/span><\/p>\n<p><span class=\"label\">T\u00ean m\u00e3:\u00a0<\/span><span class=\"value\" data-key=\"CodeNameText\">Haswell\u00a0<em class=\"Highlight\">tr\u01b0\u1edbc\u00a0<\/em>\u0111\u00e2y c\u1ee7a ca\u0301c s\u1ea3n ph\u1ea9m<\/span><\/p>\n<p><span class=\"label\">Ph\u00e2n \u0111o\u1ea1n th\u1eb3ng:\u00a0<\/span><span class=\"value\" data-key=\"MarketSegment\">Desktop<\/span><\/p>\n<p><span class=\"label\">S\u00f4\u0301 hi\u00ea\u0323u B\u00f4\u0323 x\u01b0\u0309 ly\u0301:\u00a0<\/span><span class=\"value\" data-key=\"ProcessorNumber\">G3240<\/span><\/p>\n<p><span class=\"label\">Thu\u1eadt in th\u1ea1ch b\u1ea3n<\/span><span class=\"value\" data-key=\"Lithography\">22 nm<\/span><\/p>\n<h4 class=\"h2\"><strong>Hi\u1ec7u n\u0103ng<\/strong><\/h4>\n<p><span class=\"label\">S\u1ed1 l\u00f5i:\u00a0<\/span><span class=\"value\" data-key=\"CoreCount\">2<\/span><\/p>\n<p><span class=\"label\">S\u1ed1 lu\u1ed3ng:\u00a0<\/span><span class=\"value\" data-key=\"ThreadCount\">2<\/span><\/p>\n<p><span class=\"label\">T\u1ea7n s\u1ed1 c\u01a1 s\u1edf c\u1ee7a b\u1ed9 x\u1eed l\u00fd<\/span><span class=\"value\" data-key=\"ClockSpeed\">3.10 GHz<\/span><\/p>\n<p><span class=\"label\">B\u00f4\u0323 nh\u01a1\u0301 \u0111\u00ea\u0323m:\u00a0<\/span><span class=\"value\" data-key=\"Cache\">3 MB SmartCache<\/span><\/p>\n<p><span class=\"label\">Bus Speed:\u00a0<\/span><span class=\"value\" data-key=\"Bus\">5 GT\/s DMI2<\/span><\/p>\n<p><span class=\"label\">TDP:\u00a0<\/span><span class=\"value\" data-key=\"MaxTDP\">53 W<\/span><\/p>\n<h4 class=\"h2\"><strong>Th\u00f4ng s\u1ed1 b\u1ed9 nh\u1edb<\/strong><\/h4>\n<p><span class=\"label\">Dung l\u01b0\u1ee3ng b\u1ed9 nh\u1edb t\u1ed1i \u0110a (t\u00f9y v\u00e0o lo\u1ea1i b\u1ed9 nh\u1edb)<\/span><span class=\"value\" data-key=\"MaxMem\">32 GB<\/span><\/p>\n<p><span class=\"label\">Ca\u0301c loa\u0323i b\u00f4\u0323 nh\u01a1\u0301:\u00a0<\/span><span class=\"value\" data-key=\"MemoryTypes\">DDR3-1333, DDR3L-1333 @ 1.5V<\/span><\/p>\n<p><span class=\"label\">S\u1ed1 K\u00eanh B\u1ed9 Nh\u1edb T\u1ed1i \u0110a<\/span><span class=\"value\" data-key=\"NumMemoryChannels\">2<\/span><\/p>\n<p><span class=\"label\">B\u0103ng th\u00f4ng b\u1ed9 nh\u1edb t\u1ed1i \u0111a<\/span><span class=\"value\" data-key=\"MaxMemoryBandwidth\">21.3 GB\/s<\/span><\/p>\n<p><span class=\"label\">H\u1ed7 tr\u1ee3 B\u1ed9 nh\u1edb ECC\u00a0<small><sup>\u2021<\/sup><\/small><\/span><span class=\"value\" data-key=\"ECCMemory\">C\u00f3<\/span><\/p>\n<h4 class=\"h2\"><strong>\u0110\u1ed3 h\u1ecda B\u1ed9 x\u1eed l\u00fd<\/strong><\/h4>\n<p><span class=\"label\">\u0110\u1ed3 h\u1ecda b\u1ed9 x\u1eed l\u00fd\u00a0<small><sup>\u2021<\/sup><\/small><\/span><span class=\"value\" data-key=\"ProcessorGraphicsModelId\">\u0110\u1ed3 h\u1ecda HD Intel\u00ae cho b\u1ed9 x\u1eed l\u00fd Intel\u00ae th\u1ebf h\u1ec7 th\u1ee9 4<\/span><\/p>\n<p><span class=\"label\">T\u1ea7n s\u1ed1 c\u01a1 s\u1edf \u0111\u1ed3 h\u1ecda:\u00a0<\/span><span class=\"value\" data-key=\"GraphicsFreq\">350 MHz<\/span><\/p>\n<p><span class=\"label\">T\u1ea7n s\u1ed1 \u0111\u1ed9ng t\u1ed1i \u0111a \u0111\u00f4\u0300 h\u1ecda<\/span><span class=\"value\" data-key=\"GraphicsMaxFreq\">1.10 GHz<\/span><\/p>\n<p><span class=\"label\">B\u1ed9 nh\u1edb t\u1ed1i \u0111a video \u0111\u00f4\u0300 h\u1ecda<\/span><span class=\"value\" data-key=\"GraphicsMaxMem\">1.7 GB<\/span><\/p>\n<p><span class=\"label\">\u0110\u1ea7u ra \u0111\u1ed3 h\u1ecda:\u00a0<\/span><span class=\"value\" data-key=\"GraphicsOutput\">eDP\/DP\/HDMI\/DVI\/VGA<\/span><\/p>\n<p><span class=\"label\">\u0110\u1ed9 Ph\u00e2n Gi\u1ea3i T\u1ed1i \u0110a (HDMI 1.4)\u2021<\/span><span class=\"value\" data-key=\"GraphicsMaxResolutionHDMI\">1920\u00d71080@60Hz<\/span><\/p>\n<p><span class=\"label\">\u0110\u1ed9 Ph\u00e2n Gi\u1ea3i T\u1ed1i \u0110a (DP)\u2021<\/span><span class=\"value\" data-key=\"GraphicsMaxResolutionDP\">2560\u00d71600@60Hz<\/span><\/p>\n<p><span class=\"label\">\u0110\u1ed9 Ph\u00e2n Gi\u1ea3i T\u1ed1i \u0110a (eDP \u2013 Integrated Flat Panel)\u2021<\/span><span class=\"value\" data-key=\"GraphicsMaxResolutionIFP\">2560\u00d71600@60Hz<\/span><\/p>\n<p><span class=\"label\">\u0110\u1ed9 Ph\u00e2n Gi\u1ea3i T\u1ed1i \u0110a (VGA)\u2021<\/span><span class=\"value\" data-key=\"GraphicsMaxResoluionVGA\">1920\u00d71200@60Hz<\/span><\/p>\n<p><span class=\"label\">H\u00f4\u0303 Tr\u1ee3 DirectX*<\/span><span class=\"value\" data-key=\"GraphicsDirectXSupport\">11.1\/12<\/span><\/p>\n<p><span class=\"label\">H\u00f4\u0303 Tr\u1ee3 OpenGL*<\/span><span class=\"value\" data-key=\"GraphicsOpenGLSupport\">4.3<\/span><\/p>\n<p><span class=\"label\">\u0110\u1ed3ng b\u1ed9 nhanh h\u00ecnh \u1ea3nh Intel\u00ae<\/span><span class=\"value\" data-key=\"QuickSyncVideo\">C\u00f3<\/span><\/p>\n<p><span class=\"label\"><em class=\"Highlight\">C\u00f4<\/em>ng ngh\u1ec7 video HD r\u00f5 n\u00e9t Intel\u00ae<\/span><span class=\"value\" data-key=\"CVTHD\">C\u00f3<\/span><\/p>\n<p><span class=\"label\">S\u1ed1 m\u00e0n h\u00ecnh \u0111\u01b0\u1ee3c h\u1ed7 tr\u1ee3\u00a0<small><sup>\u2021<\/sup><\/small><\/span><span class=\"value\" data-key=\"NumDisplaysSupported\">3<\/span><\/p>\n<h4 class=\"h2\"><strong>C\u00e1c t\u00f9y ch\u1ecdn m\u1edf r\u1ed9ng<\/strong><\/h4>\n<p><span class=\"label\">Kh\u1ea3 n\u0103ng m\u1edf r\u1ed9ng:\u00a0<\/span><span class=\"value\" data-key=\"ScalableSockets\">1S Only<\/span><\/p>\n<p><span class=\"label\">Phi\u00ean b\u1ea3n PCI Express:\u00a0<\/span><span class=\"value\" data-key=\"PCIExpressRevision\">Up to 3.0<\/span><\/p>\n<p><span class=\"label\">C\u1ea5u h\u00ecnh PCI Express\u00a0<small><sup>\u2021<\/sup><\/small><\/span><span class=\"value\" data-key=\"PCIExpressConfigs\">Up to 1\u00d716, 2\u00d78, 1\u00d78+2\u00d74<\/span><\/p>\n<p><span class=\"label\">S\u1ed1 c\u1ed5ng PCI Express t\u1ed1i \u0111a<\/span><span class=\"value\" data-key=\"NumPCIExpressPorts\">16<\/span><\/p>\n<h4 class=\"h2\"><strong>Th\u00f4ng s\u1ed1 g\u00f3i<\/strong><\/h4>\n<p><span class=\"label\">H\u1ed7 tr\u1ee3 socket:\u00a0<\/span><span class=\"value\" data-key=\"SocketsSupported\">FCLGA1150<\/span><\/p>\n<p><span class=\"label\">C\u1ea5u h\u00ecnh CPU t\u1ed1i \u0111a<\/span><span class=\"value\" data-key=\"MaxCPUs\">1<\/span><\/p>\n<p><span class=\"label\">Th\u00f4ng s\u1ed1 gi\u1ea3i\u00a0<em class=\"Highlight\">ph\u00e1p\u00a0<\/em>Nhi\u1ec7t:\u00a0<\/span><span class=\"value\" data-key=\"ThermalSolutionSpecification\">PCG 2013C<\/span><\/p>\n<p><span class=\"label\">T<sub>CASE<\/sub><\/span><span class=\"value\" data-key=\"TCase\">72\u00b0C<\/span><\/p>\n<p><span class=\"label\">K\u00edch th\u01b0\u1edbc g\u00f3i<\/span><span class=\"value\" data-key=\"PackageSize\">37.5mm x 37.5mm<\/span><\/p>\n<p><span class=\"label\">C\u00f3 s\u1eb5n T\u00f9y ch\u1ecdn halogen th\u1ea5p:\u00a0<\/span><span class=\"value\" data-key=\"IsHalogenFree\">Yes<\/span><\/p>\n<h4 class=\"h2\"><strong>C\u00e1c\u00a0<em class=\"Highlight\">c\u00f4<\/em>ng ngh\u1ec7 ti\u00ean ti\u1ebfn<\/strong><\/h4>\n<p><span class=\"label\">H\u1ed7 tr\u1ee3 b\u1ed9 nh\u1edb Intel\u00ae Optane\u2122\u00a0<small><sup>\u2021<\/sup><\/small><\/span><span class=\"value\" data-key=\"OptaneMemorySupport\">Kh\u00f4ng<\/span><\/p>\n<p><span class=\"label\"><em class=\"Highlight\">C\u00f4<\/em>ng ngh\u1ec7 Intel\u00ae Turbo Boost\u00a0<small><sup>\u2021<\/sup><\/small><\/span><span class=\"value\" data-key=\"TBTVersion\">Kh\u00f4ng<\/span><\/p>\n<p><span class=\"label\">\u0110i\u1ec1u ki\u1ec7n h\u1ee3p l\u1ec7 n\u1ec1n t\u1ea3ng Intel\u00ae vPro\u2122\u00a0<small><sup>\u2021<\/sup><\/small><\/span><span class=\"value\" data-key=\"VProTechnology\">Kh\u00f4ng<\/span><\/p>\n<p><span class=\"label\"><em class=\"Highlight\">C\u00f4<\/em>ng ngh\u1ec7 si\u00eau Ph\u00e2n lu\u1ed3ng Intel\u00ae\u00a0<small><sup>\u2021<\/sup><\/small><\/span><span class=\"value\" data-key=\"HyperThreading\">Kh\u00f4ng<\/span><\/p>\n<p><span class=\"label\"><em class=\"Highlight\">C\u00f4<\/em>ng ngh\u1ec7 \u1ea3o h\u00f3a Intel\u00ae (VT-x)\u00a0<small><sup>\u2021<\/sup><\/small><\/span><span class=\"value\" data-key=\"VTX\">C\u00f3<\/span><\/p>\n<p><span class=\"label\"><em class=\"Highlight\">C\u00f4<\/em>ng ngh\u1ec7 \u1ea3o h\u00f3a Intel\u00ae cho nh\u1eadp\/xu\u1ea5t \u0111\u01b0\u1ee3c h\u01b0\u1edbng v\u00e0o (VT-d)\u00a0<small><sup>\u2021<\/sup><\/small><\/span><span class=\"value\" data-key=\"VTD\">Kh\u00f4ng<\/span><\/p>\n<p><span class=\"label\">Intel\u00ae VT-x v\u1edbi b\u1ea3ng trang m\u1edf r\u1ed9ng\u00a0<small><sup>\u2021<\/sup><\/small><\/span><span class=\"value\" data-key=\"ExtendedPageTables\">C\u00f3<\/span><\/p>\n<p><span class=\"label\">Intel\u00ae TSX-NI:\u00a0<\/span><span class=\"value\" data-key=\"TransactionalSynchronizationExtensionVersion\">Kh\u00f4ng<\/span><\/p>\n<p><span class=\"label\">Intel\u00ae 64\u00a0<small><sup>\u2021<\/sup><\/small><\/span><span class=\"value\" data-key=\"EM64\">C\u00f3<\/span><\/p>\n<p><span class=\"label\">B\u1ed9 h\u01b0\u1edbng d\u1eabn:\u00a0<\/span><span class=\"value\" data-key=\"InstructionSet\">64-bit<\/span><\/p>\n<p><span class=\"label\">Ph\u1ea7n m\u1edf r\u1ed9ng b\u1ed9 h\u01b0\u1edbng d\u1eabn:\u00a0<\/span><span class=\"value\" data-key=\"InstructionSetExtensions\">Intel\u00ae SSE4.1, Intel\u00ae SSE4.2<\/span><\/p>\n<p><span class=\"label\">Tr\u1ea1ng th\u00e1i ch\u1ea1y kh\u00f4ng<\/span><span class=\"value\" data-key=\"HaltState\">C\u00f3<\/span><\/p>\n<p><span class=\"label\"><em class=\"Highlight\">C\u00f4<\/em>ng ngh\u1ec7 Intel SpeedStep\u00ae n\u00e2ng cao:\u00a0<\/span><span class=\"value\" data-key=\"SpeedstepTechnology\">C\u00f3<\/span><\/p>\n<p><span class=\"label\"><em class=\"Highlight\">C\u00f4<\/em>ng ngh\u1ec7 theo d\u00f5i nhi\u1ec7t:\u00a0<\/span><span class=\"value\" data-key=\"ThermalMonitoring2Indicator\">C\u00f3<\/span><\/p>\n<p><span class=\"label\">Ch\u01b0\u01a1ng tr\u00ecnh n\u1ec1n \u1ea3nh c\u1ed1 \u0111\u1ecbnh Intel\u00ae (SIPP)<\/span><span class=\"value\" data-key=\"StableImagePlatformProgramVersion\">Kh\u00f4ng<\/span><\/p>\n<h4 class=\"h2\"><strong>B\u1ea3o m\u1eadt &amp; \u0111\u1ed9 tin c\u1eady<\/strong><\/h4>\n<p><span class=\"label\">Intel\u00ae AES New Instructions:\u00a0<\/span><span class=\"value\" data-key=\"AESTech\">Kh\u00f4ng<\/span><\/p>\n<p><span class=\"label\"><em class=\"Highlight\">C\u00f4<\/em>ng ngh\u1ec7 Intel\u00ae Trusted Execution\u00a0<small><sup>\u2021<\/sup><\/small><\/span><span class=\"value\" data-key=\"TXT\">Kh\u00f4ng<\/span><\/p>\n<p><span class=\"label\">Bit v\u00f4 hi\u1ec7u h\u00f3a th\u1ef1c thi\u00a0<small><sup>\u2021<\/sup><\/small><\/span><span class=\"value\" data-key=\"ExecuteDisable\">C\u00f3<\/span><\/p>\n","protected":false},"excerpt":{"rendered":"<div class=\"title-list-h\"><span style=\"font-size: 85%;\">Th\u00f4ng s\u1ed1 s\u1ea3n ph\u1ea9m<\/span><\/div>\n<ul>\n<li><span style=\"font-size: 85%;\">B\u1ed9 x\u1eed l\u00fd:\u00a0G3240\u00a0TRAY<\/span><\/li>\n<li><span style=\"font-size: 85%;\">B\u1ed9 nh\u1edb \u0111\u1ec7m:3MB<\/span><\/li>\n<li><span style=\"font-size: 85%;\">T\u1ea7n s\u1ed1 c\u01a1 s\u1edf c\u1ee7a b\u1ed9 x\u1eed l\u00fd:<\/span><\/li>\n<li><span style=\"font-size: 85%;\">Socket:\u00a0FCLGA1150<\/span><\/li>\n<li><span style=\"font-size: 85%;\">S\u1ed1 nh\u00e2n\/ s\u1ed1 lu\u1ed3ng: 2\/2<\/span><\/li>\n<li><span style=\"font-size: 85%;\">TDP: 53w<\/span><\/li>\n<\/ul>\n","protected":false},"featured_media":826,"comment_status":"open","ping_status":"closed","template":"","meta":{"_acf_changed":false},"product_brand":[],"product_cat":[39,57,40,41,62,61,42,43,44,59,60,45,46,47,48,49,50],"product_tag":[],"class_list":{"0":"post-329","1":"product","2":"type-product","3":"status-publish","4":"has-post-thumbnail","6":"product_cat-ban-ghe-gaming","7":"product_cat-black-friday","8":"product_cat-case-vo-may-tinh","9":"product_cat-cpu-bo-vi-xu-ly","10":"product_cat-cpu-amd","11":"product_cat-cpu-intel","12":"product_cat-gaming-gear","13":"product_cat-mainboard-bo-mach-chu","14":"product_cat-man-hinh-may-tinh","15":"product_cat-may-tinh-dong-bo","16":"product_cat-may-tinh-van-phong-lap-rap","17":"product_cat-o-cung-may-tinh","18":"product_cat-pc-may-tinh","19":"product_cat-psu-nguon-may-tinh","20":"product_cat-ram-bo-nho-trong","21":"product_cat-tan-nhiet-va-phu-kien","22":"product_cat-vga-card-man-hinh","24":"first","25":"instock","26":"shipping-taxable","27":"purchasable","28":"product-type-simple"},"acf":[],"_links":{"self":[{"href":"https:\/\/shopcongnghehaiphong.com\/index.php?rest_route=\/wp\/v2\/product\/329","targetHints":{"allow":["GET"]}}],"collection":[{"href":"https:\/\/shopcongnghehaiphong.com\/index.php?rest_route=\/wp\/v2\/product"}],"about":[{"href":"https:\/\/shopcongnghehaiphong.com\/index.php?rest_route=\/wp\/v2\/types\/product"}],"replies":[{"embeddable":true,"href":"https:\/\/shopcongnghehaiphong.com\/index.php?rest_route=%2Fwp%2Fv2%2Fcomments&post=329"}],"wp:featuredmedia":[{"embeddable":true,"href":"https:\/\/shopcongnghehaiphong.com\/index.php?rest_route=\/wp\/v2\/media\/826"}],"wp:attachment":[{"href":"https:\/\/shopcongnghehaiphong.com\/index.php?rest_route=%2Fwp%2Fv2%2Fmedia&parent=329"}],"wp:term":[{"taxonomy":"product_brand","embeddable":true,"href":"https:\/\/shopcongnghehaiphong.com\/index.php?rest_route=%2Fwp%2Fv2%2Fproduct_brand&post=329"},{"taxonomy":"product_cat","embeddable":true,"href":"https:\/\/shopcongnghehaiphong.com\/index.php?rest_route=%2Fwp%2Fv2%2Fproduct_cat&post=329"},{"taxonomy":"product_tag","embeddable":true,"href":"https:\/\/shopcongnghehaiphong.com\/index.php?rest_route=%2Fwp%2Fv2%2Fproduct_tag&post=329"}],"curies":[{"name":"wp","href":"https:\/\/api.w.org\/{rel}","templated":true}]}}