{"id":943,"date":"2025-01-09T14:37:17","date_gmt":"2025-01-09T07:37:17","guid":{"rendered":"https:\/\/shopcongnghehaiphong.com\/?post_type=product&#038;p=943"},"modified":"2025-01-09T14:37:18","modified_gmt":"2025-01-09T07:37:18","slug":"cpu-intel-core-i5-7400-tray","status":"publish","type":"product","link":"https:\/\/shopcongnghehaiphong.com\/?product=cpu-intel-core-i5-7400-tray","title":{"rendered":"CPU INTEL CORE I5 7400 TRAY"},"content":{"rendered":"<div class=\"col-md-12 col-lg-12 col-xl-8 content-single-product\">\n<div class=\"content-product\">\n<div class=\"content-in\">\n<h4 class=\"BlockTitle__Wrapper-sc-qpz3fo-0 eHltcn\">M\u00f4 T\u1ea3 S\u1ea3n Ph\u1ea9m<\/h4>\n<p><img loading=\"lazy\" decoding=\"async\" class=\"alignnone wp-image-11677 \" src=\"https:\/\/haiphongcomputer.vn\/wp-content\/uploads\/2022\/02\/6b6e4af9b64ddd6afb1215adf5160151.jpg\" sizes=\"auto, (max-width: 526px) 100vw, 526px\" srcset=\"https:\/\/haiphongcomputer.vn\/wp-content\/uploads\/2022\/02\/6b6e4af9b64ddd6afb1215adf5160151.jpg 800w, https:\/\/haiphongcomputer.vn\/wp-content\/uploads\/2022\/02\/6b6e4af9b64ddd6afb1215adf5160151-300x300.jpg 300w, https:\/\/haiphongcomputer.vn\/wp-content\/uploads\/2022\/02\/6b6e4af9b64ddd6afb1215adf5160151-150x150.jpg 150w, https:\/\/haiphongcomputer.vn\/wp-content\/uploads\/2022\/02\/6b6e4af9b64ddd6afb1215adf5160151-768x768.jpg 768w\" alt=\"\" width=\"526\" height=\"526\" \/><\/p>\n<div class=\"content\">\n<div class=\"ToggleContent__Wrapper-sc-1dbmfaw-1 cqXrJr\">\n<div class=\"ToggleContent__View-sc-1dbmfaw-0 wyACs\">\n<div>\n<section id=\"tab-blade-1-0-0\" class=\"blade specs-blade specifications\">\n<div id=\"bladeInside\" class=\"blade-inside\">\n<div class=\"subhead\">\n<h2 class=\"h2\">Thi\u1ebft y\u1ebfu<\/h2>\n<\/div>\n<ul class=\"specs-list\">\n<li><span class=\"label\">B\u1ed9 s\u01b0u t\u1eadp s\u1ea3n ph\u1ea9m<\/span><\/li>\n<li><span class=\"label\">T\u00ean m\u00e3<\/span><\/li>\n<li><span class=\"label\">Ph\u00e2n \u0111o\u1ea1n th\u1eb3ng<\/span>\u00a0<span class=\"value\" data-key=\"MarketSegment\">Desktop<\/span><\/li>\n<li><span class=\"label\">S\u00f4\u0301 hi\u00ea\u0323u B\u00f4\u0323 x\u01b0\u0309 ly\u0301<\/span>\u00a0<span class=\"value\" data-key=\"ProcessorNumber\">i5-7400<\/span><\/li>\n<li><span class=\"label\">Off Roadmap<\/span>\u00a0<span class=\"value\" data-key=\"OffRoadmap\">Kh\u00f4ng<\/span><\/li>\n<li><span class=\"label\">Ti\u0300nh tra\u0323ng<\/span>\u00a0<span class=\"value\" data-key=\"StatusCodeText\">Launched<\/span><\/li>\n<li><span class=\"value\" data-key=\"BornOnDate\">Q1\u201917<\/span><\/li>\n<li><span class=\"value\" data-key=\"Lithography\">14 nm<\/span><\/li>\n<\/ul>\n<\/div>\n<\/section>\n<section id=\"tab-blade-1-0-1\" class=\"blade specs-blade specifications\">\n<div id=\"bladeInside\" class=\"blade-inside\">\n<div class=\"subhead\">\n<h2 class=\"h2\">Hi\u1ec7u n\u0103ng<\/h2>\n<\/div>\n<ul class=\"specs-list\">\n<li><span class=\"value\" data-key=\"CoreCount\">4<\/span><\/li>\n<li><span class=\"value\" data-key=\"ThreadCount\">4<\/span><\/li>\n<li><span class=\"value\" data-key=\"ClockSpeed\">3.00 GHz<\/span><\/li>\n<li><span class=\"value\" data-key=\"ClockSpeedMax\">3.50 GHz<\/span><\/li>\n<li><span class=\"value\" data-key=\"Cache\">6 MB Intel Smart Cache<\/span><\/li>\n<li><span class=\"value\" data-key=\"Bus\">8 GT\/s<\/span><\/li>\n<li><span class=\"value\" data-key=\"BusNumPorts\">0<\/span><\/li>\n<li><span class=\"value\" data-key=\"MaxTDP\">65 W<\/span><\/li>\n<\/ul>\n<\/div>\n<\/section>\n<section id=\"tab-blade-1-0-2\" class=\"blade specs-blade specifications\">\n<div id=\"bladeInside\" class=\"blade-inside\">\n<div class=\"subhead\">\n<h2 class=\"h2\">Th\u00f4ng tin b\u1ed5 sung<\/h2>\n<\/div>\n<ul class=\"specs-list\">\n<li><span class=\"value\" data-key=\"Embedded\">Kh\u00f4ng<\/span><\/li>\n<li><span class=\"label\">Ba\u0309ng d\u01b0\u0303 li\u00ea\u0323u<\/span><\/li>\n<\/ul>\n<\/div>\n<\/section>\n<section id=\"tab-blade-1-0-3\" class=\"blade specs-blade specifications\">\n<div id=\"bladeInside\" class=\"blade-inside\">\n<div class=\"subhead\">\n<h2 class=\"h2\">Th\u00f4ng s\u1ed1 b\u1ed9 nh\u1edb<\/h2>\n<\/div>\n<ul class=\"specs-list\">\n<li><span class=\"value\" data-key=\"MaxMem\">64 GB<\/span><\/li>\n<li><span class=\"value\" data-key=\"MemoryTypes\">DDR4-2133\/2400, DDR3L-1333\/1600 @ 1.35V<\/span><\/li>\n<li><span class=\"value\" data-key=\"NumMemoryChannels\">2<\/span><\/li>\n<li><span class=\"value\" data-key=\"ECCMemory\">Kh\u00f4ng<\/span><\/li>\n<\/ul>\n<\/div>\n<\/section>\n<section id=\"tab-blade-1-0-4\" class=\"blade specs-blade specifications\">\n<div id=\"bladeInside\" class=\"blade-inside\">\n<div class=\"subhead\">\n<h2 class=\"h2\">\u0110\u1ed3 h\u1ecda B\u1ed9 x\u1eed l\u00fd<\/h2>\n<\/div>\n<ul class=\"specs-list\">\n<li><span class=\"value\" data-key=\"ProcessorGraphicsModelId\">\u0110\u1ed3 h\u1ecda HD Intel 630<\/span><\/li>\n<li><span class=\"value\" data-key=\"GraphicsFreq\">350 MHz<\/span><\/li>\n<li><span class=\"value\" data-key=\"GraphicsMaxFreq\">1.00 GHz<\/span><\/li>\n<li><span class=\"value\" data-key=\"GraphicsMaxMem\">64 GB<\/span><\/li>\n<li><span class=\"value\" data-key=\"Graphics4KSupportLevel\">Yes, at 60Hz<\/span><\/li>\n<li><span class=\"value\" data-key=\"GraphicsMaxResolutionHDMI\">4096\u00d72304@24Hz<\/span><\/li>\n<li><span class=\"value\" data-key=\"GraphicsMaxResolutionDP\">4096\u00d72304@60Hz<\/span><\/li>\n<li><span class=\"value\" data-key=\"GraphicsMaxResolutionIFP\">4096\u00d72304@60Hz<\/span><\/li>\n<li><span class=\"value\" data-key=\"GraphicsDirectXSupport\">12<\/span><\/li>\n<li><span class=\"value\" data-key=\"GraphicsOpenGLSupport\">4.5<\/span><\/li>\n<li><span class=\"value\" data-key=\"QuickSyncVideo\">C\u00f3<\/span><\/li>\n<li><span class=\"value\" data-key=\"InTru3D\">C\u00f3<\/span><\/li>\n<li><span class=\"value\" data-key=\"CVTHD\">C\u00f3<\/span><\/li>\n<li><span class=\"value\" data-key=\"ClearVideoTechnology\">C\u00f3<\/span><\/li>\n<li><span class=\"label\">S\u1ed1 m\u00e0n h\u00ecnh \u0111\u01b0\u1ee3c h\u1ed7 tr\u1ee3\u00a0<small><sup>\u2021<\/sup><\/small><\/span>\u00a0<span class=\"value\" data-key=\"NumDisplaysSupported\">3<\/span><\/li>\n<li><span class=\"label\">ID Thi\u1ebft B\u1ecb<\/span>\u00a0<span class=\"value\" data-key=\"GraphicsDeviceId\">0x5912<\/span><\/li>\n<\/ul>\n<\/div>\n<\/section>\n<section id=\"tab-blade-1-0-5\" class=\"blade specs-blade specifications\">\n<div id=\"bladeInside\" class=\"blade-inside\">\n<div class=\"subhead\">\n<h2 class=\"h2\">C\u00e1c t\u00f9y ch\u1ecdn m\u1edf r\u1ed9ng<\/h2>\n<\/div>\n<ul class=\"specs-list\">\n<li><span class=\"label\">Kh\u1ea3 n\u0103ng m\u1edf r\u1ed9ng<\/span>\u00a0<span class=\"value\" data-key=\"ScalableSockets\">1S Only<\/span><\/li>\n<li><span class=\"value\" data-key=\"PCIExpressRevision\">3.0<\/span><\/li>\n<li><span class=\"value\" data-key=\"PCIExpressConfigs\">Up to 1\u00d716, 2\u00d78, 1\u00d78+2\u00d74<\/span><\/li>\n<li><span class=\"value\" data-key=\"NumPCIExpressPorts\">16<\/span><\/li>\n<\/ul>\n<\/div>\n<\/section>\n<section id=\"tab-blade-1-0-6\" class=\"blade specs-blade specifications\">\n<div id=\"bladeInside\" class=\"blade-inside\">\n<div class=\"subhead\">\n<h2 class=\"h2\">Th\u00f4ng s\u1ed1 g\u00f3i<\/h2>\n<\/div>\n<ul class=\"specs-list\">\n<li><span class=\"value\" data-key=\"SocketsSupported\">FCLGA1151<\/span><\/li>\n<li><span class=\"label\">C\u1ea5u h\u00ecnh CPU t\u1ed1i \u0111a<\/span>\u00a0<span class=\"value\" data-key=\"MaxCPUs\">1<\/span><\/li>\n<li><span class=\"value\" data-key=\"ThermalSolutionSpecification\">PCG 2015C (65W)<\/span><\/li>\n<li><span class=\"value\" data-key=\"ThermalJunctionRateCode\">100\u00b0C<\/span><\/li>\n<li><span class=\"label\">K\u00edch th\u01b0\u1edbc g\u00f3i<\/span>\u00a0<span class=\"value\" data-key=\"PackageSize\">37.5mm x 37.5mm<\/span><\/li>\n<\/ul>\n<\/div>\n<\/section>\n<section id=\"tab-blade-1-0-7\" class=\"blade specs-blade specifications\">\n<div id=\"bladeInside\" class=\"blade-inside\">\n<div class=\"subhead\">\n<h2 class=\"h2\">C\u00e1c\u00a0<em class=\"Highlight\">c\u00f4<\/em>ng ngh\u1ec7 ti\u00ean ti\u1ebfn<\/h2>\n<\/div>\n<ul class=\"specs-list\">\n<li><span class=\"value\" data-key=\"OptaneMemorySupport\">C\u00f3<\/span><\/li>\n<li><span class=\"value\" data-key=\"TBTVersion\">2.0<\/span><\/li>\n<li><span class=\"value\" data-key=\"VProTechnology\">Kh\u00f4ng<\/span><\/li>\n<li><span class=\"value\" data-key=\"HyperThreading\">Kh\u00f4ng<\/span><\/li>\n<li><span class=\"value\" data-key=\"VTX\">C\u00f3<\/span><\/li>\n<li><span class=\"value\" data-key=\"VTD\">C\u00f3<\/span><\/li>\n<li><span class=\"value\" data-key=\"ExtendedPageTables\">C\u00f3<\/span><\/li>\n<li><span class=\"value\" data-key=\"TransactionalSynchronizationExtensionVersion\">Kh\u00f4ng<\/span><\/li>\n<li><span class=\"value\" data-key=\"EM64\">C\u00f3<\/span><\/li>\n<li><span class=\"value\" data-key=\"InstructionSet\">64-bit<\/span><\/li>\n<li><span class=\"value\" data-key=\"InstructionSetExtensions\">Intel SSE4.1, Intel SSE4.2, Intel AVX2<\/span><\/li>\n<li><span class=\"value\" data-key=\"HaltState\">C\u00f3<\/span><\/li>\n<li><span class=\"value\" data-key=\"SpeedstepTechnology\">C\u00f3<\/span><\/li>\n<li><span class=\"value\" data-key=\"ThermalMonitoring2Indicator\">C\u00f3<\/span><\/li>\n<li><span class=\"value\" data-key=\"IdentityProtectionTechVersion\">C\u00f3<\/span><\/li>\n<li><span class=\"value\" data-key=\"StableImagePlatformProgramVersion\">Kh\u00f4ng<\/span><\/li>\n<\/ul>\n<\/div>\n<\/section>\n<section id=\"tab-blade-1-0-8\" class=\"blade specs-blade specifications\">\n<div id=\"bladeInside\" class=\"blade-inside\">\n<div class=\"subhead\">\n<h2 class=\"h2\">B\u1ea3o m\u1eadt &amp; \u0111\u1ed9 tin c\u1eady<\/h2>\n<\/div>\n<ul class=\"specs-list\">\n<li><span class=\"value\" data-key=\"AESTech\">C\u00f3<\/span><\/li>\n<li><span class=\"value\" data-key=\"SecureKeyTechVersion\">C\u00f3<\/span><\/li>\n<li><span class=\"value\" data-key=\"SoftwareGuardExtensions\">Yes with Intel ME<\/span><\/li>\n<li><span class=\"value\" data-key=\"MemoryProtectionExtensionsVersion\">C\u00f3<\/span><\/li>\n<li><span class=\"label\">Intel OS Guard<\/span>\u00a0<span class=\"value\" data-key=\"OSGuardTechVersion\">C\u00f3<\/span><\/li>\n<li><span class=\"value\" data-key=\"TXT\">Kh\u00f4ng<\/span><\/li>\n<li><span class=\"value\" data-key=\"ExecuteDisable\">C\u00f3<\/span><\/li>\n<li><span class=\"value\" data-key=\"DeviceProtectionTechBootGuardVersion\">C\u00f3<\/span><\/li>\n<\/ul>\n<\/div>\n<\/section>\n<\/div>\n<\/div>\n<\/div>\n<\/div>\n<\/div>\n<\/div>\n<\/div>\n<div class=\"d-none d-sm-block col-md-12 col-lg-12 col-xl-4 content-single-product\">\n<div class=\"content-product\"><\/div>\n<\/div>\n","protected":false},"excerpt":{"rendered":"<div class=\"title-list-h\">Th\u00f4ng s\u1ed1 s\u1ea3n ph\u1ea9m<\/div>\n<ul>\n<li>Socket 1151<\/li>\n<li>Vi x\u1eed l\u00fd 4 nh\u00e2n 4 lu\u1ed3ng<\/li>\n<li>Xung c\u01a1 b\u1ea3n 3.00 GHz, xung t\u1ed1i \u0111a 3.50 GHz<\/li>\n<li>B\u1ed9 nh\u1edb \u0111\u1ec7m: 6MB<\/li>\n<li>\u0110\u1ed3 h\u1ecda t\u00edch h\u1ee3p: Intel HD 630<\/li>\n<li>TDP 65W<\/li>\n<\/ul>\n","protected":false},"featured_media":944,"comment_status":"open","ping_status":"closed","template":"","meta":{"_acf_changed":false},"product_brand":[],"product_cat":[41],"product_tag":[],"class_list":{"0":"post-943","1":"product","2":"type-product","3":"status-publish","4":"has-post-thumbnail","6":"product_cat-cpu-bo-vi-xu-ly","8":"first","9":"instock","10":"shipping-taxable","11":"purchasable","12":"product-type-simple"},"acf":[],"_links":{"self":[{"href":"https:\/\/shopcongnghehaiphong.com\/index.php?rest_route=\/wp\/v2\/product\/943","targetHints":{"allow":["GET"]}}],"collection":[{"href":"https:\/\/shopcongnghehaiphong.com\/index.php?rest_route=\/wp\/v2\/product"}],"about":[{"href":"https:\/\/shopcongnghehaiphong.com\/index.php?rest_route=\/wp\/v2\/types\/product"}],"replies":[{"embeddable":true,"href":"https:\/\/shopcongnghehaiphong.com\/index.php?rest_route=%2Fwp%2Fv2%2Fcomments&post=943"}],"wp:featuredmedia":[{"embeddable":true,"href":"https:\/\/shopcongnghehaiphong.com\/index.php?rest_route=\/wp\/v2\/media\/944"}],"wp:attachment":[{"href":"https:\/\/shopcongnghehaiphong.com\/index.php?rest_route=%2Fwp%2Fv2%2Fmedia&parent=943"}],"wp:term":[{"taxonomy":"product_brand","embeddable":true,"href":"https:\/\/shopcongnghehaiphong.com\/index.php?rest_route=%2Fwp%2Fv2%2Fproduct_brand&post=943"},{"taxonomy":"product_cat","embeddable":true,"href":"https:\/\/shopcongnghehaiphong.com\/index.php?rest_route=%2Fwp%2Fv2%2Fproduct_cat&post=943"},{"taxonomy":"product_tag","embeddable":true,"href":"https:\/\/shopcongnghehaiphong.com\/index.php?rest_route=%2Fwp%2Fv2%2Fproduct_tag&post=943"}],"curies":[{"name":"wp","href":"https:\/\/api.w.org\/{rel}","templated":true}]}}